en 735 is divided by ((-19)/(-380)*-28)/(1/(-10))?
7
Suppose -3*l - 3*c = -0*c - 231, -3*c + 12 = 0. Suppose 10 = -72*a + l*a. Calculate the remainder when (-4)/(-6)*(-81)/(-2) is divided by a.
7
Let f = -38 - -16. Let t = f + 36. Let m(q) = 51*q - 317. Calculate the remainder when m(7) is divided by t.
12
Suppose -b - 2*n = -10, 5*b + 0*n = -2*n + 58. Let x = -11932 + 11962. Calculate the remainder when x is divided by b.
6
Let m be (21/(-2))/(3/(-4)). Let y(g) = -5579*g**3 + 11162*g**3 - g + 1 - 5582*g**3 + 3*g - 14*g**2. What is the remainder when 57 is divided by y(m)?
28
Let u = 356 - 6. Let l = -272 + u. What is the remainder when l is divided by 9?
6
Let k be ((-2)/(-2) - 4) + (-3 - -4). Let q(j) = -5*j + 1. What is the remainder when q(k) is divided by (-3)/(0 - 1) - -3?
5
What is the remainder when (-151410)/4*((-104)/(-39))/(-4) is divided by 12?
11
Let h(k) = -104*k + 134. Calculate the remainder when 104 is divided by h(1).
14
Suppose -36*q - 48 = -480. Let r(k) = k**3 + k**2 - 2*k - 3. Let p be r(-2). Let c(i) = -28*i - 2. Calculate the remainder when c(p) is divided by q.
10
Suppose -2*u + 8 = 0, 5*u - 1634 = -4*h - 570. Suppose 2*t + h = 5*t. What is the remainder when t is divided by -27 + 43 - ((-1026)/(-198) - 2/11)?
10
Let z = -2809 - -2825. What is the remainder when 54 is divided by z?
6
Calculate the remainder when 48204/351*(-54)/(-4) is divided by 31.
25
Let y(w) = -22*w. Let d be y(-17). Suppose 2*u - 2*f - 106 = 0, 88 - d = -5*u - 2*f. Calculate the remainder when u is divided by 20.
16
Let b(l) = -30*l**3 - 4*l**2 + 288*l + 291. Suppose a + 2*a = 3*t + 30, 0 = -5*a + 4*t + 50. Calculate the remainder when b(-1) is divided by a.
9
Let r be 24/(-1)*(-9)/6. Let b be (-2)/2*(-1 + r). What is the remainder when 89 is divided by -1 - b - 4/1?
29
What is the remainder when 2/3*737 - (-4)/6 is divided by 30?
12
Let i(j) = 9*j**2 - 253*j + 55. Calculate the remainder when 4869 is divided by i(28).
9
Let h(t) be the third derivative of -t**4 - 5*t**3/3 - 21*t**2. Suppose -8*j - 12 = 12. What is the remainder when h(j) is divided by 22?
18
Let q = 10 - -21. Let r(v) = -18*v**3 + v**2 - 2. Let b(i) = i**2 - i - 13. Let y be b(4). What is the remainder when q is divided by r(y)?
14
Let p(l) = -l**3 - 6*l**2 + 2*l + 9. Let z be p(-6). Calculate the remainder when (-47)/z - (-14)/(-21) is divided by ((-45)/(-20))/((-27)/(-72)).
3
Let i = 3643 + -3517. What is the remainder when 127 is divided by i?
1
Suppose 0 = 7*w - 6*w + 1. Let b be ((-1)/w)/(3/(0 - 3)). Let s(k) = 13*k**2 + k - 1. What is the remainder when s(b) is divided by 4?
3
Let x = -286 - -294. Suppose -2*i + 8 = -g - 7*i, 3*g - i = x. Let h = -1 + 3. Calculate the remainder when h is divided by g.
0
Suppose -14 = -5*p + 1. Suppose 5*l - h - 3 = 0, -4*h = -2*l + 5 - 11. Suppose -l = -p*o + 149. Calculate the remainder when 197 is divided by o.
47
Suppose 0 = -30*y + 1366 - 76. Suppose 246 = 2*a - 92. Calculate the remainder when a + (1 - 1 - -1) is divided by y.
41
Let g = 254 - 355. Let c = g - -141. Suppose b - 3*b = 5*n - 595, 4*b - 476 = -4*n. What is the remainder when n is divided by c?
39
Let z(d) = -d**3 + 40*d**2 + 440*d + 249. Let r(u) = 51*u**3 - u**2 + u. What is the remainder when z(49) is divided by r(1)?
47
Let k(f) = -f**3 - 35*f**2 + 54*f + 1. Let h be k(-37). Let g = h - 569. Suppose b + 70 = 3*b. Calculate the remainder when g is divided by b.
32
Let k(q) = -23*q**2 + 1155*q - 134. Calculate the remainder when 493 is divided by k(50).
29
Let i = 1586 - 1280. What is the remainder when 1525 is divided by i?
301
Suppose 9*t = -10*t + 57. Suppose -t*b + 280 = 4*w, 5*b + w - 92 = 4*b. Calculate the remainder when b is divided by 30.
28
Suppose 4*d + 0*t - 511 = -t, -d = -4*t - 132. Suppose 8*u - 3*j + 113 = 13*u, -3*u - 9*j = -75. Calculate the remainder when d is divided by u.
18
Suppose 36 = 5*g + 4*m, g + 2*m - 6*m = 12. Let i be (-69)/(-21) + (-2)/7. Let l = 19 - i. Calculate the remainder when l is divided by g.
0
Suppose -17*z - 120 = -9*z. What is the remainder when 70 is divided by (-2)/(z/9 - (-11)/7)?
7
Let v = -7013 + 7050. What is the remainder when 1040 is divided by v?
4
Suppose 0 = -5*u + 5*q + 10, -2*q = 5*u + 2*q - 46. Suppose -239 = u*f - 77. Let a = f - -37. Calculate the remainder when 17 is divided by a.
7
Let j(a) = 62*a**3 + 11*a**2 - 9*a - 1. Calculate the remainder when 182 is divided by j(1).
56
Let c = 19324 + -19283. Calculate the remainder when 3399 is divided by c.
37
Let m(c) = -c**3 - 42*c**2 - 6*c - 242. Let w = 7 - 5. Suppose w = d - 16. What is the remainder when d is divided by m(-42)?
8
Suppose 0 = -108*a + 131 + 2461. What is the remainder when a is divided by 2?
0
Suppose -2*n = v - 306, -5*n - 10 + 20 = 0. Calculate the remainder when v is divided by 136.
30
Let i(q) = -q**3 + 108*q**2 - 251*q + 894. Calculate the remainder when i(105) is divided by 28.
26
Let x = -2680 + 5746. What is the remainder when x is divided by 64?
58
Let s = 16932 - 16858. What is the remainder when 7175 is divided by s?
71
Let t = 519 - 369. What is the remainder when t is divided by ((-188)/(-16) + -12)/(1/(-124))?
26
Suppose 1016 - 2447 = -71*a + 1338. Calculate the remainder when 1396 is divided by a.
31
Let g(y) = -y**2 + 22*y - 94. Let j be g(7). Suppose s - 6 = -d + j, 5*s = d + 55. What is the remainder when s is divided by 3?
0
Let n(z) = -z**3 - 3*z + 6 - 40*z**2 - 2*z + 34*z**2. Let s be n(-5). Suppose s*d - 33 = 9. Calculate the remainder when 12 is divided by d.
5
Let j be (-2)/8 + 5/((-80)/(-10452)). Suppose -j = -10*z + 167. Suppose 5*d = h + 81, 0 = 2*d - d + 4*h - 33. What is the remainder when z is divided by d?
14
Suppose 4 = 2*v + 3*v + 3*m, -4*m - 18 = -5*v. Suppose -4*j - 8 = 0, 3*j = -6*n + v*n + 198. What is the remainder when 303 is divided by n?
48
Let k(j) = j**3 - 17*j**2 + 46*j + 71. What is the remainder when k(15) is divided by 75?
11
Let d = 2129 + -1175. Calculate the remainder when d is divided by 154.
30
Suppose 16*u - 500 - 700 = 0. Suppose -3*h = -4*h + 3*l + 83, -h - 5*l + u = 0. Calculate the remainder when 399 is divided by h.
79
Let l = -55 - -145. Suppose -2*n + l = 18. Calculate the remainder when n is divided by 9.
0
Suppose 0 = -s + 3*f - 6, 114*f = -2*s + 112*f + 28. Calculate the remainder when 12/s*(37 - 1) - 0 is divided by 29.
19
Let s(d) = -d**3 - 10*d**2 + 5. Let x be s(-10). Suppose q = n - 1, 3*q = x*q - 4*n + 10. Suppose 56 = 10*b - q*b. What is the remainder when b is divided by 3?
2
Calculate the remainder when ((-6)/14)/3 - 17994197/(-1841) is divided by 52.
50
Suppose 977 = 4*x - 5*n, -x + 41*n = 39*n - 245. What is the remainder when x is divided by 41?
38
Let a(g) = g**2 + 9*g - 2. Let k be a(-9). Let y be (-158)/k - (-11 + 7 - -3). Let t = -35 + y. What is the remainder when 222 is divided by t?
42
Suppose -113*n + 25287 + 80029 = 0. Calculate the remainder when n is divided by 5.
2
Let p = -137 + 221. Suppose 5*x - x - 4*n = p, -2*n = -x + 25. Suppose -2*w = -0 - 64. Calculate the remainder when w is divided by x.
15
Let a(u) = -9*u - 45. Let j be a(-12). Suppose 5*y + 4*x - x = j, 0 = -3*y - x + 41. Calculate the remainder when 72 is divided by y.
12
Let z(o) = 6*o + 1212. Calculate the remainder when z(-72) is divided by 266.
248
Let s be (-3 - 0)/(-3 + 472/158). Suppose 6*h - 417 + s = 0. Calculate the remainder when 357 is divided by h.
27
Suppose 2*q - 82 = 52. Let h(d) = -d**2 - 16*d + 29. What is the remainder when q is divided by h(-17)?
7
Let q = -70 + 224. What is the remainder when (-56)/q + 565/11 is divided by 16?
3
Let r(n) = 250*n**2 + 29*n + 56. Calculate the remainder when r(-2) is divided by (2 - 0)*(1332/(-8))/(-9).
36
Suppose 5*w - 1904 = 3*k, 2*k - 1532 = -7*w + 3*w. Let x = w - 339. What is the remainder when 256 is divided by x?
41
Suppose 218 = -3*n + 38. Let x(z) = z - 92. Let t be x(-3). Let w = n - t. Calculate the remainder when 139 is divided by w.
34
Suppose 4 = -o, -2*p + 7*o - 12 = 12*o. Suppose 4*y + 78 - 30 = 4*b, -b - y = -p. What is the remainder when 53 is divided by b?
5
Suppose -2*f + 214 = 133*d - 137*d, 3*f = d + 311. What is the remainder when 244 is divided by f?
38
Let n(k) = -k + 22. Let r be n(13). Let p = 3 - r. Calculate the r